rime?
True
Is 22668760057 composite?
False
Is 3449694373 a prime number?
True
Is 90963079 composite?
True
Is 1891961003 composite?
False
Is 42021339001 prime?
True
Is 4814744731 composite?
False
Is 3484646657 a composite number?
False
Is 2010121147 composite?
False
Is 1793197111 a prime number?
False
Is 925065413 a composite number?
True
Is 3863229554 a prime number?
False
Is 361072627 composite?
False
Is 2377839901 a composite number?
False
Is 685776121 a prime number?
False
Is 1422640711 prime?
True
Is 22902570653 composite?
False
Is 3451476469 a prime number?
False
Is 1437397211 prime?
True
Is 7653695911 a prime number?
False
Is 3614415143 a prime number?
True
Is 463656841 a prime number?
False
Is 1068327977 a composite number?
False
Is 30280719569 a prime number?
False
Is 16101647 prime?
True
Is 2071333769 prime?
True
Is 1849267391 a prime number?
False
Is 393975816469 prime?
True
Is 5719293431 a composite number?
False
Is 68074219783 composite?
False
Is 11560358291 composite?
True
Is 5435260121 a composite number?
False
Is 24948072109 composite?
True
Is 17773110661 prime?
False
Is 6482174723 composite?
True
Is 1151379611 a prime number?
True
Is 468799586 a composite number?
True
Is 121188599687 a composite number?
False
Is 180768823 a composite number?
True
Is 49730749931 a prime number?
True
Is 7114820441 a composite number?
True
Is 31103521697 composite?
False
Is 16242948851 prime?
True
Is 373610453 prime?
False
Is 2207641145 composite?
True
Is 3004173551 a prime number?
False
Is 1945280693 a composite number?
True
Is 502828951 composite?
False
Is 39925594327 a prime number?
False
Is 19626657731 a prime number?
True
Is 429405497 a prime number?
True
Is 14768014799 a composite number?
False
Is 851949283 a composite number?
False
Is 244700101 composite?
False
Is 41109800603 a composite number?
False
Is 81150043777 prime?
False
Is 569377493 composite?
True
Is 649834853 composite?
True
Is 1423710953 composite?
True
Is 74581051 prime?
False
Is 570069889 prime?
True
Is 14273269337 composite?
False
Is 5917559047 a composite number?
False
Is 7285409141 prime?
True
Is 536967667 a composite number?
False
Is 48006249683 composite?
True
Is 55722133031 a prime number?
False
Is 6547600217 composite?
False
Is 31385548583 prime?
True
Is 999922411 prime?
False
Is 8302427477 a prime number?
True
Is 697765741 prime?
True
Is 7625180195 a prime number?
False
Is 2581196159 composite?
False
Is 79152099751 prime?
False
Is 1025197247 prime?
True
Is 73989357359 a composite number?
False
Is 394596049 a prime number?
True
Is 24109840243 a composite number?
False
Is 4480980583 composite?
False
Is 2548490671 prime?
True
Is 10761619903 composite?
False
Is 2061826999 a composite number?
False
Is 27194034718 prime?
False
Is 45460397813 a composite number?
False
Is 898538483 a prime number?
False
Is 10152730529 a composite number?
True
Is 82807849 composite?
True
Is 31277023243 a prime number?
True
Is 5458285589 a prime number?
False
Is 520966603 prime?
False
Is 147554579 prime?
True
Is 126407159 composite?
False
Is 140588953795 prime?
False
Is 535205949 prime?
False
Is 1590032699 composite?
True
Is 26234311703 a prime number?
False
Is 1978682467 a composite number?
True
Is 60855008765 a composite number?
True
Is 110648651 a composite number?
False
Is 32014275907 a prime number?
True
Is 1854876797 a prime number?
True
Is 249365342467 a prime number?
True
Is 31298467699 a composite number?
False
Is 1459984219 a prime number?
False
Is 12118152881 prime?
True
Is 1599300877 composite?
False
Is 1118890949 a prime number?
False
Is 67874431 prime?
False
Is 4334644823 a prime number?
False
Is 2991588659 prime?
False
Is 2758579231 a prime number?
False
Is 8327611 composite?
True
Is 1331694241 composite?
False
Is 74943813619 a prime number?
False
Is 63536338049 a prime number?
False
Is 8531506733 composite?
False
Is 53207983019 prime?
False
Is 22984165019 a composite number?
True
Is 17129253487 prime?
False
Is 283382237 a prime number?
False
Is 114070283683 prime?
True
Is 5351958221 a prime number?
False
Is 15227814869 composite?
False
Is 39006275533 a prime number?
True
Is 56220297533 a prime number?
True
Is 5504406953 a composite number?
True
Is 157291841 composite?
True
Is 2947687499 a composite number?
False
Is 11257809163 prime?
False
Is 12441252809 a composite number?
True
Is 32390143867 composite?
False
Is 50067622973 a composite number?
False
Is 11218654999 prime?
True
Is 28219154801 prime?
True
Is 280698017 prime?
False
Is 13655580187 composite?
True
Is 40517657 composite?
True
Is 3660540707 a composite number?
False
Is 5786350181 prime?
False
Is 12046128607 a prime number?
True
Is 196381948493 a prime number?
True
Is 68553185 a composite number?
True
Is 36131331443 a prime number?
True
Is 964703863 a composite number?
False
Is 413902439 prime?
False
Is 4061116973 a composite number?
True
Is 13775614213 prime?
False
Is 1344172769 a prime number?
True
Is 32189769895 prime?
False
Is 1230519137 a composite number?
True
Is 18584914843 a composite number?
True
Is 355908649 prime?
False
Is 15140647811 a composite number?
False
Is 425254853 a prime number?
True
Is 1592534791 composite?
False
Is 143373647 a composite number?
False
Is 3177338474 a composite number?
True
Is 1688279627 a prime number?
False
Is 24937895947 a prime number?
False
Is 11442093371 composite?
True
Is 1685708173 a composite number?
True
Is 3819597547 prime?
True
Is 564260647 prime?
True
Is 2094888617 prime?
True
Is 7402471159 prime?
True
Is 5369974543 prime?
False
Is 30741613391 composite?
False
Is 9775740509 a prime number?
False
Is 4921797913 composite?
False
Is 72231919 a composite number?
True
Is 5431779349 a composite number?
False
Is 38270710969 a prime number?
False
Is 2311260359 a prime number?
False
Is 6101018113 a composite number?
True
Is 9524447 a composite number?
False
Is 433848437 a composite number?
True
Is 355815883 a prime number?
True
Is 5995082567 prime?
True
Is 2219959451 composite?
True
Is 2145794137 a prime number?
False
Is 13212305651 a prime number?
True
Is 189722550031 prime?
False
Is 459319303 a composite number?
False
Is 261551197 composite?
False
Is 955534999 a composite number?
False
Is 31945505393 a prime number?
True
Is 149332577363 a composite number?
False
Is 7398694817 prime?
True
Is 2167606781 prime?
True
Is 148513121 a composite number?
False
Is 16259333869 prime?
False
Is 1654285729 a prime number?
False
Is 206725165 composite?
True
Is 2091978043 composite?
False
Is 886517641 prime?
True
Is 674062743 prime?
False
Is 8940129953 prime?
True
Is 163826009 a composite number?
False
Is 6632604619 a prime number?
True
Is 571526677 prime?
True
Is 886988009 prime?
False
Is 27619002007 a prime number?
True
Is 237064411 composite?
True
Is 66078568717 prime?
False
Is 46315409207 a prime number?
False
Is 45206093903 prime?
True
Is 547168411 a composite number?
True
Is 16859102111 a composite number?
False
Is 6007556759 a composite number?
False
Is 299570647 a composite number?
True
Is 31468319 composite?
False
Is 28700880941 prime?
True
Is 21602778647 composite?
False
Is 24275546233 a prime number?
True
Is 11904555517 a composite number?
True
Is 1616062843 composite?
False
Is 3610939243 a composite number?
False
Is 89236459379 prime?
False
Is 322847353 prime?
True
Is 22912853482 a composite number?
True
Is 67204727 prime?
True
Is 1318345459 a composite number?
False
Is 1987732447 composite?
False
Is 2227277383 prime?
True
Is 37184814427 composite?
False
Is 43312621349 a composite number?
False
Is 2009850221 composite?
False
Is 2352129629 a prime number?
False
Is 31189971907 composite?
True
Is 1956864757 a prime number?
True
Is 14717895953 composite?
True
Is 3228025993 a prime number?
False
Is 226424879 a prime number?
True
Is 7956368671 a composite number?
False
Is 184289039303 composite?
True
Is 731539621 composite?
False
Is 9674906223 a composite number?
True
Is 195815214403 a prime number?
True
Is 32337103703 composite?
False
Is 36768617551 prime?
False
Is 7411736813 a composite number?
True
Is 12506408053 a prime number?
True
Is 1707289393 composite?
False
Is 1859216111 a composite number?
False
Is 876574079 composite?
False
Is 30393846437 a composite number?
False
Is 7148